m + -2. Suppose -19 - 8 = -a*l. What is the units digit of l?
9
Let b(w) = 9*w**2 - 3*w - 13. What is the tens digit of b(6)?
9
Let p = 10 + -6. Suppose 7 + 41 = p*d. What is the units digit of d?
2
Let d be (1 + 2)/((-3)/10). Let u = 18 + d. What is the units digit of u?
8
Let x be 206/12 + (-2)/12. Suppose -4*b - 9 = -5*b - 5*i, 3*i = 5*b - x. Suppose b*z - 7 = 1. What is the units digit of z?
2
What is the hundreds digit of 30/(-180) - 1099/(-6)?
1
Suppose 3*b = 2*b + 33. What is the tens digit of b?
3
Let z(w) = w**2 - 9*w + 5. Let k be z(9). Suppose 75 = 5*d + 5*p, 2*p - 83 = -k*d + p. What is the units digit of d?
7
Let c(y) = 2*y + 4. Let x be c(10). Suppose -5*v + x = -4*v. What is the units digit of v?
4
Suppose -v + 0 = -2*r - 5, -40 = -2*v - 2*r. Let x = v - -5. What is the tens digit of x?
2
Let r(f) be the third derivative of 7*f**6/720 - f**5/120 - f**4/12 + f**2. Let w(v) be the second derivative of r(v). What is the units digit of w(1)?
6
Let r = -112 - -199. What is the units digit of r?
7
Let b(h) = h**2 - 7*h - 1. Let w be b(5). Let c = -8 - w. Suppose 3*u = c*x + 24, u = -u - 2*x + 4. What is the units digit of u?
5
Let h be (-24)/10 + 6/15. Let r be (-6 + 6/3)/h. Suppose 2*l = -3*q + r*q + 9, -l - 12 = -5*q. What is the units digit of q?
3
Let t(a) = 83*a**2 + 1. What is the tens digit of t(-1)?
8
Suppose 2*x + 23 = 4*w - w, -44 = 5*x - 3*w. Let u be (-10)/(-35) + (-26)/x. Let s = u - -1. What is the units digit of s?
5
What is the units digit of 39*(0 - -4 - 3)?
9
What is the units digit of (-954)/(-4)*(-10)/(-15)?
9
What is the tens digit of -4*(-1 + 2) - -2 - -60?
5
Let h(o) = o**2 - 5*o - 1. Let f be h(6). Suppose -4*u + f = -3*u. Let x = u + 2. What is the units digit of x?
7
Suppose -6*v = -5*v + 3. Let f be (v - 1)*(-6)/8. What is the units digit of (-3)/(-9) + 62/f?
1
Let a(v) = 9*v**3 + 17*v**2 - 5. Let j(x) = -5*x**3 - 9*x**2 + 3. Let i(t) = 4*a(t) + 7*j(t). What is the tens digit of i(-3)?
1
Suppose 8 = 4*f - 16. Suppose k + 3*m = 6 + 4, k + m - f = 0. Suppose -3 = -k*t + 17. What is the units digit of t?
5
Let m = -10 - -10. Suppose -4*o + c + 85 = m, 2*c - 4*c = -2*o + 38. What is the tens digit of o?
2
Let f = -7 + 29. What is the tens digit of f?
2
Let o(f) = 4*f**2 + 4*f - 5. Let p be o(-4). Suppose 4*z - 5 = p. What is the units digit of z?
2
Let h(v) = v**2 - 3*v + 3. Let u be h(3). Let c be (0*u/(-9))/(-1). Suppose -g + 3 = -c*g. What is the units digit of g?
3
Let k(x) = 4*x**2 + 4*x - 7. What is the units digit of k(4)?
3
Let u = -29 + 21. Let g = u + 14. What is the units digit of g?
6
Let b(q) = q**3 + 8*q**2 + 7*q + 3. Let h(t) = t - 2. Suppose 2*f = -3*f - 25. Let g be h(f). What is the units digit of b(g)?
3
Let w = 0 - 0. Suppose w = -3*p + p - 2. What is the units digit of 84/20 + p/5?
4
Let x be (16/(-12))/4*-6. Suppose 32 = -x*o + 4*o. What is the tens digit of o?
1
Suppose y = 4*f - 1 - 1, 0 = -3*y - 5*f - 57. Let h = 23 + y. Let d = h + 0. What is the units digit of d?
9
Let u = 3 - 9. What is the tens digit of 92/6 - (-2)/u?
1
What is the tens digit of (168/(-40) + 5)*(-910)/(-4)?
8
Suppose -14 = -5*r - 4*x, x + 4 = 5*x. Let l = r - 2. Suppose 0 = -l*c + c - 8. What is the units digit of c?
8
Suppose -v = 3*n - 9, 0 = -n - 4*v - 1 - 7. Suppose m + 4*r - 4 = 2*m, n*m - 8 = 4*r. What is the units digit of m?
4
Let q = 0 - -1. Let m be (0 - 1) + 1 + q. Let g = 2 - m. What is the units digit of g?
1
What is the units digit of (-1)/(1/(-180)) + (-24)/8?
7
Let t(s) = -s**3 - 8*s**2 - 5*s - 8. Let l be 34/(-4) + (-2)/(-4). What is the units digit of t(l)?
2
Let k(i) = i + 0*i**3 + i**3 + 104 + 12*i**2 - 13*i**2. Let c be k(0). Suppose 5*j + 34 = c. What is the units digit of j?
4
Let m(u) = -u**2 + 8*u - 8. Let s be m(6). Suppose -47 = -s*o + 9. Suppose 0 = -5*l + 4*x + 21, l + o - 31 = 4*x. What is the units digit of l?
1
Suppose 0 = -4*c - 6 + 14. Suppose 3*n - u = 158, -82 = -c*n - 2*u - 2*u. What is the tens digit of n?
5
Let g(w) = -w**3 + 12*w**2 + 12*w - 1. Let a be g(13). Let j be (-214)/a + (-6)/21. What is the units digit of ((-24)/(-10))/(j/100)?
6
Let z = -1 + 6. Suppose z*y + 4*v - 47 = 0, -2*v + 9 = v. What is the units digit of y?
7
Let o = 98 + -70. What is the units digit of o?
8
Let s be 4/(3/(246/(-4))). Let n = -58 - s. What is the units digit of n?
4
Suppose 2*f = 7*f + 30. Let j = f - -13. What is the units digit of j?
7
Let g = 5 + -28. Let x = g + 15. Let w = 11 + x. What is the units digit of w?
3
Let v = -5 - -7. Suppose 4*z + 16 = v*u, u + z + 11 = 5*u. Suppose u*b + 39 = 4*b - 5*n, -5*b + 25 = 2*n. What is the units digit of b?
7
Let x(d) = d**2 + 12*d + 2. Let b be x(-12). Suppose -2*l - 2*v + 12 = 0, 4*l - 23 + b = -5*v. What is the units digit of l?
9
Let g = -145 - -221. What is the tens digit of g?
7
Let d(m) = -72*m**3 - m - 1. What is the tens digit of d(-1)?
7
What is the units digit of (-12)/(2 + -4) + -3?
3
Let v(q) = -1 + 0*q + q + 0*q - 2. What is the units digit of v(5)?
2
Let m(c) = c - 10. Let a be m(-7). Let k = 43 + a. What is the units digit of k?
6
Suppose 3*l - 1 = -2*p, -5*l + 22 = -p + 3. What is the tens digit of ((-9)/l - -4) + 20?
2
Suppose 4*o - 2 = 2*b, -o = -2*b + 2*o. Suppose -b*i - 10 = -52. What is the units digit of i?
4
Suppose 0 = -4*j + 46 + 46. Let x = -8 + -7. Let l = x + j. What is the units digit of l?
8
Let j = 340 - 48. What is the units digit of j?
2
Let g(v) = v - 4. Let s be g(3). Let l(z) be the third derivative of z**5/20 + z**2. What is the units digit of l(s)?
3
Suppose m + 1 = 4. Let k = 4 + -1. Suppose -k*o = 2*y + o - 14, -m*o = 6. What is the tens digit of y?
1
Let j = -17 - -23. What is the units digit of j?
6
Let g = -41 + 69. What is the units digit of g?
8
Let s(y) = y**2 + y - 2. Let j be s(-2). Let t(h) = h + 1. Let c(r) = 2*r + 10. Let g(d) = c(d) - 3*t(d). What is the units digit of g(j)?
7
Let p = 87 + 7. Let l be (-6)/27 - p/(-18). What is the tens digit of (57/15)/(1/l)?
1
Suppose 2*a = o + 21, -4*a + 3*o + 30 + 9 = 0. Suppose -10 = 2*r - 3*x, 5*x - a = 4*r + x. What is the units digit of r?
1
Let s(v) = -v**2 - 5*v + 2. Let w be s(-5). Suppose 0 = 4*n - 5*f - 3 + 8, 0 = w*n - 3*f + 5. What is the units digit of n?
5
Suppose 256 = 4*n - 4*w, -4*w = -6*n + 3*n + 194. What is the units digit of n?
2
Let d = 19 + -10. What is the units digit of d?
9
Let m(l) = -2 + 0 + 0 - 3*l + l**3 + 2*l**2. Let p be m(-3). What is the units digit of (-20)/(-3) + p/(-6)?
7
Let y = -59 + 151. What is the tens digit of y?
9
Let b be ((-2)/4)/(2/24). What is the units digit of (-20)/b + 12/18?
4
Let k(j) = 8*j - 14. What is the units digit of k(2)?
2
Let n be (4/4)/(1/4). Suppose -5*l + n = -1. Suppose 6 = m + l. What is the units digit of m?
5
Suppose 100 = 45*i - 43*i. What is the units digit of i?
0
Let z(t) = 2*t + 3. Let s be z(1). Suppose -4*p + s*p = 35. What is the units digit of p?
5
Let t = 18 + -6. Suppose -4*i + t = -2*i. What is the units digit of i?
6
Suppose 3*i + 4*t = 64, 165 = -i + 6*i - 5*t. What is the units digit of i?
8
Let y be 5/1 + -3 - 1. What is the units digit of (-4)/(y - 5/3)?
6
Let u = -211 - -374. What is the tens digit of 18/(-63) + u/7?
2
Suppose 30 = g + 5*r - 7, -5*g + 4*r = -330. What is the units digit of g?
2
Let z(u) = -u + 9. Let w be z(-8). Suppose -w = -2*s + 13. Suppose 0 = y - 5*x - s, -5*x - 41 = -3*y - 16. What is the units digit of y?
5
Let d = -5 - -3. Suppose -4*u - 15 = -39. Let z = u + d. What is the units digit of z?
4
What is the tens digit of 12/(7/((-42)/(-4)))?
1
Let z = -22 + 43. Suppose 6*o - z = 3*o. What is the units digit of o?
7
Let f(d) = -17*d + 43. What is the hundreds digit of f(-8)?
1
Let x(h) = h**3 + 9*h**2 - 13*h + 4. What is the units digit of x(-9)?
1
Suppose 5 = -5*b - 0. What is the units digit of b/2 - (-31)/2?
5
Let k(x) = -2*x**2 + 7*x + 2. Let z be k(8). Let w = 106 + z. What is the tens digit of w?
3
Suppose 5*s - 62 = 18. What is the tens digit of s?
1
Let y = 48 - 28. Suppose -2*z = -5*h + 64 + y, -5*h + 5*z + 90 = 0. Suppose -5*i + h + 69 = 0. What is the units digit of i?
7
Let m = 27 - 3. What is the units digit of (-15)/(-2)*m/9?
0
Let i(u) = -u**3 - 16*u**2 + 16*u - 7. Let z be i(-17). Suppose z = 6*p - p. What is the units digit of p?
2
